ist the prime factors of 19782.
2, 3, 7, 157
What are the prime factors of 12848?
2, 11, 73
What are the prime factors of 21?
3, 7
What are the prime factors of 752?
2, 47
What are the prime factors of 131?
131
What are the prime factors of 16058?
2, 7, 31, 37
List the prime factors of 4168.
2, 521
List the prime factors of 604.
2, 151
List the prime factors of 1090.
2, 5, 109
What are the prime factors of 12112?
2, 757
List the prime factors of 965.
5, 193
List the prime factors of 24466.
2, 13, 941
What are the prime factors of 35646?
2, 3, 13, 457
List the prime factors of 12784.
2, 17, 47
List the prime factors of 28989.
3, 3221
List the prime factors of 23049.
3, 13, 197
What are the prime factors of 1640?
2, 5, 41
List the prime factors of 6513.
3, 13, 167
List the prime factors of 7030.
2, 5, 19, 37
List the prime factors of 28303.
11, 31, 83
List the prime factors of 39554.
2, 19777
What are the prime factors of 65761?
65761
What are the prime factors of 2635?
5, 17, 31
What are the prime factors of 1248?
2, 3, 13
List the prime factors of 9260.
2, 5, 463
List the prime factors of 845.
5, 13
List the prime factors of 4032.
2, 3, 7
What are the prime factors of 4495?
5, 29, 31
What are the prime factors of 796?
2, 199
List the prime factors of 2946.
2, 3, 491
What are the prime factors of 1564?
2, 17, 23
What are the prime factors of 951?
3, 317
What are the prime factors of 460?
2, 5, 23
List the prime factors of 11039.
7, 19, 83
List the prime factors of 1799.
7, 257
List the prime factors of 18751.
17, 1103
List the prime factors of 39601.
199
List the prime factors of 1535.
5, 307
What are the prime factors of 41695?
5, 31, 269
List the prime factors of 34224.
2, 3, 23, 31
List the prime factors of 7838.
2, 3919
What are the prime factors of 832?
2, 13
List the prime factors of 3161.
29, 109
List the prime factors of 1692.
2, 3, 47
What are the prime factors of 25945?
5, 5189
What are the prime factors of 6334?
2, 3167
List the prime factors of 2055.
3, 5, 137
List the prime factors of 10203.
3, 19, 179
List the prime factors of 17517.
3, 5839
List the prime factors of 156785.
5, 31357
What are the prime factors of 1668?
2, 3, 139
What are the prime factors of 4692?
2, 3, 17, 23
What are the prime factors of 424?
2, 53
What are the prime factors of 2139?
3, 23, 31
What are the prime factors of 15356?
2, 11, 349
List the prime factors of 1960.
2, 5, 7
What are the prime factors of 1496?
2, 11, 17
List the prime factors of 23474.
2, 11, 97
List the prime factors of 3972.
2, 3, 331
What are the prime factors of 1345?
5, 269
What are the prime factors of 1423?
1423
List the prime factors of 391.
17, 23
List the prime factors of 27386.
2, 13693
List the prime factors of 8141.
7, 1163
List the prime factors of 3782.
2, 31, 61
What are the prime factors of 20348?
2, 5087
List the prime factors of 153.
3, 17
List the prime factors of 4839.
3, 1613
What are the prime factors of 5236?
2, 7, 11, 17
What are the prime factors of 652?
2, 163
List the prime factors of 12946.
2, 6473
What are the prime factors of 6960?
2, 3, 5, 29
List the prime factors of 9219.
3, 7, 439
What are the prime factors of 8942?
2, 17, 263
List the prime factors of 4621.
4621
List the prime factors of 7055.
5, 17, 83
What are the prime factors of 65852?
2, 101, 163
What are the prime factors of 104807?
311, 337
List the prime factors of 6489.
3, 7, 103
List the prime factors of 17267.
31, 557
List the prime factors of 650.
2, 5, 13
What are the prime factors of 49407?
3, 43, 383
What are the prime factors of 52634?
2, 26317
List the prime factors of 2116.
2, 23
List the prime factors of 275.
5, 11
List the prime factors of 33857.
33857
List the prime factors of 1964.
2, 491
List the prime factors of 28.
2, 7
List the prime factors of 1257.
3, 419
List the prime factors of 29307.
3, 9769
List the prime factors of 1285.
5, 257
List the prime factors of 23543.
13, 1811
List the prime factors of 49151.
23, 2137
List the prime factors of 5335.
5, 11, 97
List the prime factors of 2558.
2, 1279
List the prime factors of 2375.
5, 19
What are the prime factors of 12437?
12437
What are the prime factors of 101295?
3, 5, 2251
List the prime factors of 99280.
2, 5, 17, 73
List the prime factors of 3884.
2, 971
List the prime factors of 49346.
2, 11, 2243
List the prime factors of 16917.
3, 5639
What are the prime factors of 3056?
2, 191
List the prime factors of 62427.
3, 20809
List the prime factors of 191.
191
List the prime factors of 32746.
2, 7, 2339
List the prime factors of 9725.
5, 389
List the prime factors of 350.
2, 5, 7
What are the prime factors of 514?
2, 257
What are the prime factors of 52876?
2, 13219
List the prime factors of 120.
2, 3, 5
List the prime factors of 1515.
3, 5, 101
List the prime factors of 8215.
5, 31, 53
What are the prime factors of 17815?
5, 7, 509
List the prime factors of 74113.
13, 5701
List the prime factors of 44040.
2, 3, 5, 367
List the prime factors of 34385.
5, 13, 23
List the prime factors of 62766.
2, 3, 11, 317
List the prime factors of 2832.
2, 3, 59
List the prime factors of 3146.
2, 11, 13
What are the prime factors of 2038?
2, 1019
What are the prime factors of 1358?
2, 7, 97
What are the prime factors of 2305?
5, 461
List the prime factors of 3132.
2, 3, 29
List the prime factors of 11421.
3, 47
What are the prime factors of 444?
2, 3, 37
What are the prime factors of 14203?
7, 2029
What are the prime factors of 564?
2, 3, 47
What are the prime factors of 41406?
2, 3, 67, 103
What are the prime factors of 63478?
2, 17, 1867
What are the prime factors of 13?
13
What are the prime factors of 11988?
2, 3, 37
List the prime factors of 881.
881
What are the prime factors of 7876?
2, 11, 179
What are the prime factors of 25046?
2, 7, 1789
What are the prime factors of 21174?
2, 3, 3529
List the prime factors of 56541.
3, 47, 401
What are the prime factors of 55414?
2, 103, 269
What are the prime factors of 1865?
5, 373
What are the prime factors of 96852?
2, 3, 7, 1153
What are the prime factors of 6078?
2, 3, 1013
List the prime factors of 54345.
3, 5, 3623
What are the prime factors of 167391?
3, 7, 2657
List the prime factors of 66606.
2, 3, 17, 653
List the prime factors of 47106.
2, 3, 2617
List the prime factors of 12992.
2, 7, 29
What are the prime factors of 87855?
3, 5, 5857
What are the prime factors of 10029?
3, 3343
What are the prime factors of 473?
11, 43
What are the prime factors of 738?
2, 3, 41
What are the prime factors of 30757?
30757
What are the prime factors of 84463?
84463
What are the prime factors of 1422?
2, 3, 79
List the prime factors of 41336.
2, 5167
What are the prime factors of 411?
3, 137
List the prime factors of 22477.
7, 13, 19
List the prime factors of 4517.
4517
List the prime factors of 733.
733
What are the prime factors of 10102?
2, 5051
What are the prime factors of 76074?
2, 3, 31, 409
What are the prime factors of 1507?
11, 137
What are the prime factors of 320?
2, 5
What are the prime factors of 7436?
2, 11, 13
List the prime factors of 54265.
5, 10853
List the prime factors of 38634.
2, 3, 47, 137
List the prime factors of 66170.
2, 5, 13, 509
List the prime factors of 2007.
3, 223
What are the prime factors of 655?
5, 131
List the prime factors of 2684.
2, 11, 61
List the prime factors of 2041.
13, 157
List the prime factors of 80769.
3, 13, 19, 109
What are the prime factors of 56984?
2, 17, 419
List the prime factors of 11881.
109
List the prime factors of 8570.
2, 5, 857
List the prime factors of 407.
11, 37
List the prime factors of 11087.
11087
List the prime factors of 14781.
3, 13, 379
What are the prime factors of 1233?
3, 137
What are the prime factors of 46531?
19, 31, 79
What are the prime factors of 1791?
3, 199
List the prime factors of 28795.
5, 13, 443
List the prime factors of 53320.
2, 5, 31, 43
What are the prime factors of 15994?
2, 11, 727
List the prime factors of 22177.
67, 331
What are the prime factors of 25560?
2, 3, 5, 71
What are the prime factors of 16293?
3, 5431
List the prime factors of 80.
2, 5
What are the prime factors of 1265?
5, 11, 23
What are the prime factors of 60008?
2, 13, 577
What are the prime factors of 7406?
2, 7, 23
List the prime fact